{"id":1550,"date":"2024-03-27T11:16:09","date_gmt":"2024-03-27T10:16:09","guid":{"rendered":"https:\/\/chocpiscine.com\/?post_type=product&#038;p=1550"},"modified":"2024-03-27T11:16:18","modified_gmt":"2024-03-27T10:16:18","slug":"mini-projecteur-led-blanc-liner-18-w-hayward","status":"publish","type":"product","link":"https:\/\/chocpiscine.com\/?product=mini-projecteur-led-blanc-liner-18-w-hayward","title":{"rendered":"Mini projecteur LED blanc liner 18 W &#8211; HAYWARD"},"content":{"rendered":"<p>Mini projecteur LED couleur RGB mod\u00e8le 3429 compos\u00e9 de 3 LEDs de haute intensit\u00e9 de couleur de 15 W \/ 12 V pour piscine liner<br \/>\n11 couleurs fixe et 7 programmes automatiques<br \/>\nProjecteur 3429 se fixe sur une travers\u00e9 de paroi sp\u00e9cifique liner ( TMB 3353)<br \/>\nC\u00e2ble alimentation immergeable 2 x 1,5 mm\u00b2<br \/>\nGaine de protection du c\u00e2ble avec 2 extr\u00e9mit\u00e9s filet\u00e9es<br \/>\nEnjoliveur en ABS blanc trait\u00e9 anti-UV<br \/>\nJoint en \u00e9lastom\u00e8re avec adh\u00e9sif<br \/>\nGarantie 2 ans<br \/>\n Puissance<br \/>\n18 W<\/p>\n<p>Couleur Led<br \/>\nblanc froid<\/p>\n<p>Montage<br \/>\n\u00e0 visser travers\u00e9e de paroi<\/p>\n<p>Enjoliveur int\u00e9gr\u00e9<br \/>\nnon<\/p>\n<p>Type d&#8217;\u00e9clairage<br \/>\nprojecteur construction<br \/>\n R\u00e9f.fabricant : 3429LEDBL<\/p>\n","protected":false},"excerpt":{"rendered":"<p>Mini projecteur LED couleur RGB mod\u00e8le 3429 compos\u00e9 de 3 LEDs de haute intensit\u00e9 de couleur de 15 W \/ [&hellip;]<\/p>\n","protected":false},"featured_media":1578,"comment_status":"open","ping_status":"closed","template":"","meta":{"site-sidebar-layout":"","site-content-layout":"","ast-site-content-layout":"","site-content-style":"","site-sidebar-style":"","ast-global-header-display":"","ast-banner-title-visibility":"","ast-main-header-display":"","ast-hfb-above-header-display":"","ast-hfb-below-header-display":"","ast-hfb-mobile-header-display":"","site-post-title":"","ast-breadcrumbs-content":"","ast-featured-img":"","footer-sml-layout":"","theme-transparent-header-meta":"","adv-header-id-meta":"","stick-header-meta":"","header-above-stick-meta":"","header-main-stick-meta":"","header-below-stick-meta":"","astra-migrate-meta-layouts":"","ast-page-background-enabled":"default","ast-page-background-meta":{"desktop":{"background-color":"var(--ast-global-color-4)","background-image":"","background-repeat":"repeat","background-position":"center center","background-size":"auto","background-attachment":"scroll","background-type":"","background-media":"","overlay-type":"","overlay-color":"","overlay-opacity":"","overlay-gradient":""},"tablet":{"background-color":"","background-image":"","background-repeat":"repeat","background-position":"center center","background-size":"auto","background-attachment":"scroll","background-type":"","background-media":"","overlay-type":"","overlay-color":"","overlay-opacity":"","overlay-gradient":""},"mobile":{"background-color":"","background-image":"","background-repeat":"repeat","background-position":"center center","background-size":"auto","background-attachment":"scroll","background-type":"","background-media":"","overlay-type":"","overlay-color":"","overlay-opacity":"","overlay-gradient":""}},"ast-content-background-meta":{"desktop":{"background-color":"var(--ast-global-color-5)","background-image":"","background-repeat":"repeat","background-position":"center center","background-size":"auto","background-attachment":"scroll","background-type":"","background-media":"","overlay-type":"","overlay-color":"","overlay-opacity":"","overlay-gradient":""},"tablet":{"background-color":"var(--ast-global-color-5)","background-image":"","background-repeat":"repeat","background-position":"center center","background-size":"auto","background-attachment":"scroll","background-type":"","background-media":"","overlay-type":"","overlay-color":"","overlay-opacity":"","overlay-gradient":""},"mobile":{"background-color":"var(--ast-global-color-5)","background-image":"","background-repeat":"repeat","background-position":"center center","background-size":"auto","background-attachment":"scroll","background-type":"","background-media":"","overlay-type":"","overlay-color":"","overlay-opacity":"","overlay-gradient":""}}},"product_brand":[],"product_cat":[34],"product_tag":[],"class_list":{"0":"post-1550","1":"product","2":"type-product","3":"status-publish","4":"has-post-thumbnail","6":"product_cat-projecteurs-led-piscine","7":"desktop-align-left","8":"tablet-align-left","9":"mobile-align-left","11":"first","12":"instock","13":"shipping-taxable","14":"purchasable","15":"product-type-simple"},"jetpack_sharing_enabled":true,"_links":{"self":[{"href":"https:\/\/chocpiscine.com\/index.php?rest_route=\/wp\/v2\/product\/1550","targetHints":{"allow":["GET"]}}],"collection":[{"href":"https:\/\/chocpiscine.com\/index.php?rest_route=\/wp\/v2\/product"}],"about":[{"href":"https:\/\/chocpiscine.com\/index.php?rest_route=\/wp\/v2\/types\/product"}],"replies":[{"embeddable":true,"href":"https:\/\/chocpiscine.com\/index.php?rest_route=%2Fwp%2Fv2%2Fcomments&post=1550"}],"wp:featuredmedia":[{"embeddable":true,"href":"https:\/\/chocpiscine.com\/index.php?rest_route=\/wp\/v2\/media\/1578"}],"wp:attachment":[{"href":"https:\/\/chocpiscine.com\/index.php?rest_route=%2Fwp%2Fv2%2Fmedia&parent=1550"}],"wp:term":[{"taxonomy":"product_brand","embeddable":true,"href":"https:\/\/chocpiscine.com\/index.php?rest_route=%2Fwp%2Fv2%2Fproduct_brand&post=1550"},{"taxonomy":"product_cat","embeddable":true,"href":"https:\/\/chocpiscine.com\/index.php?rest_route=%2Fwp%2Fv2%2Fproduct_cat&post=1550"},{"taxonomy":"product_tag","embeddable":true,"href":"https:\/\/chocpiscine.com\/index.php?rest_route=%2Fwp%2Fv2%2Fproduct_tag&post=1550"}],"curies":[{"name":"wp","href":"https:\/\/api.w.org\/{rel}","templated":true}]}}