{"id":2344,"date":"2024-03-27T11:20:45","date_gmt":"2024-03-27T10:20:45","guid":{"rendered":"https:\/\/chocpiscine.com\/?post_type=product&#038;p=2344"},"modified":"2024-03-27T11:20:54","modified_gmt":"2024-03-27T10:20:54","slug":"pompe-doseuse-piscine-hydraph-flowdians","status":"publish","type":"product","link":"https:\/\/chocpiscine.com\/?product=pompe-doseuse-piscine-hydraph-flowdians","title":{"rendered":"Pompe doseuse piscine HYDRAPH &#8211; FLOWDIANS"},"content":{"rendered":"<p>Pour une r\u00e9gulation du pH efficace et simple.<br \/>\nCon\u00e7ue pour les piscines jusqu\u2019\u00e0 150 m3, HYDRA PH\u00ae<br \/>\nr\u00e9gule\u00a0automatiquement le pH de l\u2019eau de votre piscine.<br \/>\nGr\u00e2ce \u00e0 sa sonde qui analyse le pH de l\u2019eau en continu<br \/>\net \u00e0 l\u2019injection du liquide correcteur, il maintient le pH<br \/>\n\u00e0 une valeur id\u00e9ale (7 \u00e0 7,2).<\/p>\n<p>Installation rapide et simple sur piscine<br \/>\nexistante ou en construction.<br \/>\nPour les bassins de 150 m3.<br \/>\nR\u00e9gulation proportionnelle.<br \/>\nD\u00e9bit maximum\u00a0: 1,5 l\/h.<br \/>\nR\u00e9glage de consigne\u00a0: 6,8 \u00e0 7,8.<br \/>\nMode acide ou basique.<br \/>\nDimensions du coffret\u00a0: 250x140x110mm.<br \/>\nPrise en charge\u00a0: \u00d8 50 mm.<\/p>\n<p>Coffret\u00a0: garantie 2 ans<br \/>\nSonde pH\u00a0: garantie 1 an<br \/>\n(offerte par Hydralians) Type de mesure<br \/>\npH<\/p>\n<p>Dosage piscine<br \/>\nr\u00e9gulateur + pompe doseuse<\/p>\n<p>D\u00e9bit de la pompe<br \/>\n1,5 L\/h<\/p>\n<p>Gamme<br \/>\nFlowdians Hydra<br \/>\n R\u00e9f.fabricant : REGU20SOMB-G1<\/p>\n","protected":false},"excerpt":{"rendered":"<p>Pour une r\u00e9gulation du pH efficace et simple. Con\u00e7ue pour les piscines jusqu\u2019\u00e0 150 m3, HYDRA PH\u00ae r\u00e9gule\u00a0automatiquement le pH [&hellip;]<\/p>\n","protected":false},"featured_media":2369,"comment_status":"open","ping_status":"closed","template":"","meta":{"site-sidebar-layout":"","site-content-layout":"","ast-site-content-layout":"","site-content-style":"","site-sidebar-style":"","ast-global-header-display":"","ast-banner-title-visibility":"","ast-main-header-display":"","ast-hfb-above-header-display":"","ast-hfb-below-header-display":"","ast-hfb-mobile-header-display":"","site-post-title":"","ast-breadcrumbs-content":"","ast-featured-img":"","footer-sml-layout":"","theme-transparent-header-meta":"","adv-header-id-meta":"","stick-header-meta":"","header-above-stick-meta":"","header-main-stick-meta":"","header-below-stick-meta":"","astra-migrate-meta-layouts":"","ast-page-background-enabled":"default","ast-page-background-meta":{"desktop":{"background-color":"var(--ast-global-color-4)","background-image":"","background-repeat":"repeat","background-position":"center center","background-size":"auto","background-attachment":"scroll","background-type":"","background-media":"","overlay-type":"","overlay-color":"","overlay-opacity":"","overlay-gradient":""},"tablet":{"background-color":"","background-image":"","background-repeat":"repeat","background-position":"center center","background-size":"auto","background-attachment":"scroll","background-type":"","background-media":"","overlay-type":"","overlay-color":"","overlay-opacity":"","overlay-gradient":""},"mobile":{"background-color":"","background-image":"","background-repeat":"repeat","background-position":"center center","background-size":"auto","background-attachment":"scroll","background-type":"","background-media":"","overlay-type":"","overlay-color":"","overlay-opacity":"","overlay-gradient":""}},"ast-content-background-meta":{"desktop":{"background-color":"var(--ast-global-color-5)","background-image":"","background-repeat":"repeat","background-position":"center center","background-size":"auto","background-attachment":"scroll","background-type":"","background-media":"","overlay-type":"","overlay-color":"","overlay-opacity":"","overlay-gradient":""},"tablet":{"background-color":"var(--ast-global-color-5)","background-image":"","background-repeat":"repeat","background-position":"center center","background-size":"auto","background-attachment":"scroll","background-type":"","background-media":"","overlay-type":"","overlay-color":"","overlay-opacity":"","overlay-gradient":""},"mobile":{"background-color":"var(--ast-global-color-5)","background-image":"","background-repeat":"repeat","background-position":"center center","background-size":"auto","background-attachment":"scroll","background-type":"","background-media":"","overlay-type":"","overlay-color":"","overlay-opacity":"","overlay-gradient":""}}},"product_brand":[],"product_cat":[55],"product_tag":[],"class_list":{"0":"post-2344","1":"product","2":"type-product","3":"status-publish","4":"has-post-thumbnail","6":"product_cat-pompes-doseuses-piscine","7":"desktop-align-left","8":"tablet-align-left","9":"mobile-align-left","11":"first","12":"instock","13":"shipping-taxable","14":"purchasable","15":"product-type-simple"},"jetpack_sharing_enabled":true,"_links":{"self":[{"href":"https:\/\/chocpiscine.com\/index.php?rest_route=\/wp\/v2\/product\/2344","targetHints":{"allow":["GET"]}}],"collection":[{"href":"https:\/\/chocpiscine.com\/index.php?rest_route=\/wp\/v2\/product"}],"about":[{"href":"https:\/\/chocpiscine.com\/index.php?rest_route=\/wp\/v2\/types\/product"}],"replies":[{"embeddable":true,"href":"https:\/\/chocpiscine.com\/index.php?rest_route=%2Fwp%2Fv2%2Fcomments&post=2344"}],"wp:featuredmedia":[{"embeddable":true,"href":"https:\/\/chocpiscine.com\/index.php?rest_route=\/wp\/v2\/media\/2369"}],"wp:attachment":[{"href":"https:\/\/chocpiscine.com\/index.php?rest_route=%2Fwp%2Fv2%2Fmedia&parent=2344"}],"wp:term":[{"taxonomy":"product_brand","embeddable":true,"href":"https:\/\/chocpiscine.com\/index.php?rest_route=%2Fwp%2Fv2%2Fproduct_brand&post=2344"},{"taxonomy":"product_cat","embeddable":true,"href":"https:\/\/chocpiscine.com\/index.php?rest_route=%2Fwp%2Fv2%2Fproduct_cat&post=2344"},{"taxonomy":"product_tag","embeddable":true,"href":"https:\/\/chocpiscine.com\/index.php?rest_route=%2Fwp%2Fv2%2Fproduct_tag&post=2344"}],"curies":[{"name":"wp","href":"https:\/\/api.w.org\/{rel}","templated":true}]}}