{"id":2617,"date":"2024-03-27T11:22:25","date_gmt":"2024-03-27T10:22:25","guid":{"rendered":"https:\/\/chocpiscine.com\/?post_type=product&#038;p=2617"},"modified":"2024-03-27T11:22:31","modified_gmt":"2024-03-27T10:22:31","slug":"aquabrome-en-pastilles-5-kg-bayrol","status":"publish","type":"product","link":"https:\/\/chocpiscine.com\/?product=aquabrome-en-pastilles-5-kg-bayrol","title":{"rendered":"Aquabrome en pastilles &#8211; 5 kg &#8211; BAYROL"},"content":{"rendered":"<p>Forme\u00a0: pastilles de 20 g \u00e0 dissolution lente.<br \/>\nAction\u00a0: d\u00e9sinfection permanente.<br \/>\nConseil d&#8217;emploi\u00a0: remplir un doseur de brome en ligne et r\u00e9gler le d\u00e9bit pour obtenir un taux de brome de 1 \u00e0 2 mg\/l.<br \/>\nUtilisation\u00a0:<br \/>\nRecommand\u00e9 pour piscines avec un faible volume ou les spas.<br \/>\nTraitement longue dur\u00e9e et autonome gr\u00e2ce au doseur de brome.<br \/>\nD\u00e9sinfectant puissant.<br \/>\nTraitement sans odeur, doux pour la peau et les yeux.<br \/>\nEfficace \u00e0 temp\u00e9ratures et pH \u00e9lev\u00e9s.<br \/>\nDissolution lente et compl\u00e8te.<\/p>\n<p>Important\u00a0: compatible avec tous types de filtration.<br \/>\nUtilisation d&#8217;un doseur de brome obligatoire.<\/p>\n<p> Action<br \/>\nd\u00e9sinfection r\u00e9guli\u00e8re<\/p>\n<p>Forme<br \/>\npastille<\/p>\n<p>Dosage<br \/>\nuniquement doseur<\/p>\n<p>Contenance<br \/>\n5 kg<br \/>\n R\u00e9f.fabricant : 2139338<\/p>\n","protected":false},"excerpt":{"rendered":"<p>Forme\u00a0: pastilles de 20 g \u00e0 dissolution lente. Action\u00a0: d\u00e9sinfection permanente. Conseil d&#8217;emploi\u00a0: remplir un doseur de brome en ligne [&hellip;]<\/p>\n","protected":false},"featured_media":2647,"comment_status":"open","ping_status":"closed","template":"","meta":{"site-sidebar-layout":"","site-content-layout":"","ast-site-content-layout":"","site-content-style":"","site-sidebar-style":"","ast-global-header-display":"","ast-banner-title-visibility":"","ast-main-header-display":"","ast-hfb-above-header-display":"","ast-hfb-below-header-display":"","ast-hfb-mobile-header-display":"","site-post-title":"","ast-breadcrumbs-content":"","ast-featured-img":"","footer-sml-layout":"","theme-transparent-header-meta":"","adv-header-id-meta":"","stick-header-meta":"","header-above-stick-meta":"","header-main-stick-meta":"","header-below-stick-meta":"","astra-migrate-meta-layouts":"","ast-page-background-enabled":"default","ast-page-background-meta":{"desktop":{"background-color":"var(--ast-global-color-4)","background-image":"","background-repeat":"repeat","background-position":"center center","background-size":"auto","background-attachment":"scroll","background-type":"","background-media":"","overlay-type":"","overlay-color":"","overlay-opacity":"","overlay-gradient":""},"tablet":{"background-color":"","background-image":"","background-repeat":"repeat","background-position":"center center","background-size":"auto","background-attachment":"scroll","background-type":"","background-media":"","overlay-type":"","overlay-color":"","overlay-opacity":"","overlay-gradient":""},"mobile":{"background-color":"","background-image":"","background-repeat":"repeat","background-position":"center center","background-size":"auto","background-attachment":"scroll","background-type":"","background-media":"","overlay-type":"","overlay-color":"","overlay-opacity":"","overlay-gradient":""}},"ast-content-background-meta":{"desktop":{"background-color":"var(--ast-global-color-5)","background-image":"","background-repeat":"repeat","background-position":"center center","background-size":"auto","background-attachment":"scroll","background-type":"","background-media":"","overlay-type":"","overlay-color":"","overlay-opacity":"","overlay-gradient":""},"tablet":{"background-color":"var(--ast-global-color-5)","background-image":"","background-repeat":"repeat","background-position":"center center","background-size":"auto","background-attachment":"scroll","background-type":"","background-media":"","overlay-type":"","overlay-color":"","overlay-opacity":"","overlay-gradient":""},"mobile":{"background-color":"var(--ast-global-color-5)","background-image":"","background-repeat":"repeat","background-position":"center center","background-size":"auto","background-attachment":"scroll","background-type":"","background-media":"","overlay-type":"","overlay-color":"","overlay-opacity":"","overlay-gradient":""}}},"product_brand":[],"product_cat":[21],"product_tag":[],"class_list":{"0":"post-2617","1":"product","2":"type-product","3":"status-publish","4":"has-post-thumbnail","6":"product_cat-traitements-piscine","7":"desktop-align-left","8":"tablet-align-left","9":"mobile-align-left","11":"first","12":"instock","13":"shipping-taxable","14":"purchasable","15":"product-type-simple"},"jetpack_sharing_enabled":true,"_links":{"self":[{"href":"https:\/\/chocpiscine.com\/index.php?rest_route=\/wp\/v2\/product\/2617","targetHints":{"allow":["GET"]}}],"collection":[{"href":"https:\/\/chocpiscine.com\/index.php?rest_route=\/wp\/v2\/product"}],"about":[{"href":"https:\/\/chocpiscine.com\/index.php?rest_route=\/wp\/v2\/types\/product"}],"replies":[{"embeddable":true,"href":"https:\/\/chocpiscine.com\/index.php?rest_route=%2Fwp%2Fv2%2Fcomments&post=2617"}],"wp:featuredmedia":[{"embeddable":true,"href":"https:\/\/chocpiscine.com\/index.php?rest_route=\/wp\/v2\/media\/2647"}],"wp:attachment":[{"href":"https:\/\/chocpiscine.com\/index.php?rest_route=%2Fwp%2Fv2%2Fmedia&parent=2617"}],"wp:term":[{"taxonomy":"product_brand","embeddable":true,"href":"https:\/\/chocpiscine.com\/index.php?rest_route=%2Fwp%2Fv2%2Fproduct_brand&post=2617"},{"taxonomy":"product_cat","embeddable":true,"href":"https:\/\/chocpiscine.com\/index.php?rest_route=%2Fwp%2Fv2%2Fproduct_cat&post=2617"},{"taxonomy":"product_tag","embeddable":true,"href":"https:\/\/chocpiscine.com\/index.php?rest_route=%2Fwp%2Fv2%2Fproduct_tag&post=2617"}],"curies":[{"name":"wp","href":"https:\/\/api.w.org\/{rel}","templated":true}]}}